-- MySQL dump 10.13  Distrib 5.5.62, for debian-linux-gnu (i686)
--
-- Host: mysql51-119.perso    Database: atelierdukbeaul
-- ------------------------------------------------------
-- Server version	5.5.30

/*!40101 SET @OLD_CHARACTER_SET_CLIENT=@@CHARACTER_SET_CLIENT */;
/*!40101 SET @OLD_CHARACTER_SET_RESULTS=@@CHARACTER_SET_RESULTS */;
/*!40101 SET @OLD_COLLATION_CONNECTION=@@COLLATION_CONNECTION */;
/*!40101 SET NAMES utf8 */;
/*!40103 SET @OLD_TIME_ZONE=@@TIME_ZONE */;
/*!40103 SET TIME_ZONE='+00:00' */;
/*!40014 SET @OLD_UNIQUE_CHECKS=@@UNIQUE_CHECKS, UNIQUE_CHECKS=0 */;
/*!40014 SET @OLD_FOREIGN_KEY_CHECKS=@@FOREIGN_KEY_CHECKS, FOREIGN_KEY_CHECKS=0 */;
/*!40101 SET @OLD_SQL_MODE=@@SQL_MODE, SQL_MODE='NO_AUTO_VALUE_ON_ZERO' */;
/*!40111 SET @OLD_SQL_NOTES=@@SQL_NOTES, SQL_NOTES=0 */;

--
-- Table structure for table `adb_actus`
--

DROP TABLE IF EXISTS `adb_actus`;
/*!40101 SET @saved_cs_client     = @@character_set_client */;
/*!40101 SET character_set_client = utf8 */;
CREATE TABLE `adb_actus` (
  `id_actu` int(11) NOT NULL AUTO_INCREMENT,
  `date` varchar(255) NOT NULL,
  `titre` varchar(255) NOT NULL,
  `texte` text NOT NULL,
  `date_en` varchar(255) NOT NULL,
  `titre_en` varchar(255) NOT NULL,
  `texte_en` text NOT NULL,
  `ordre` int(11) NOT NULL,
  PRIMARY KEY (`id_actu`)
) ENGINE=MyISAM AUTO_INCREMENT=40 DEFAULT CHARSET=latin1;
/*!40101 SET character_set_client = @saved_cs_client */;

--
-- Dumping data for table `adb_actus`
--

LOCK TABLES `adb_actus` WRITE;
/*!40000 ALTER TABLE `adb_actus` DISABLE KEYS */;
INSERT INTO `adb_actus` VALUES (11,'2014 - Des produits complémentaires - des valeurs communes','ATELIER DE BEAULIEU - PLASTI TREMP','<p><img style=\"float: left;\" src=\"../../images/filemanager/source/ADB%20LOGO.jpg\" alt=\"\" width=\"127\" height=\"73\" /></p>\r\n<p>&nbsp;&nbsp;&nbsp;&nbsp;&nbsp;&nbsp;&nbsp;&nbsp;&nbsp; <img src=\"../../images/filemanager/source/logo Plasti Tremp.jpg\" alt=\"\" width=\"154\" height=\"63\" /></p>\r\n<p>Le 1<sup>er</sup> Janvier 2014, l&rsquo;<strong>Atelier de Beaulieu</strong> est devenu filiale de <strong>Plasti-Tremp</strong>.</p>\r\n<p>L&rsquo;Atelier de Beaulieu et Plasti-Tremp ont en commun un savoir faire et une ma&icirc;trise technique&nbsp;empreints d&rsquo;un solide h&eacute;ritage industriel. Chaque fabrication est le fruit d&rsquo;une&nbsp;grande expertise, garantissant une qualit&eacute; irr&eacute;prochable et r&eacute;pondant aux normes&nbsp;les plus s&eacute;v&egrave;res comme aux crit&egrave;res d&rsquo;exigences des utilisateurs.</p>\r\n<p><strong><span style=\"text-decoration: underline;\">Des produits compl&eacute;mentaires - des valeurs communes</span> :</strong></p>\r\n<p>En mettant en place une politique commerciale commune, L&rsquo;Atelier de Beaulieu et Plasti-Tremp apportent une&nbsp;r&eacute;ponse globale &agrave; travers une offre produits compl&eacute;mentaire et coh&eacute;rente.&nbsp;</p>\r\n<p style=\"text-align: center;\"><span style=\"text-decoration: underline;\"><strong>Un Objectif Commun</strong></span> :<strong> la satisfaction des clients</strong>.</p>\r\n<p><strong>&nbsp;</strong></p>\r\n<p>&nbsp;</p>','2014','News','<p><img src=\"../../images/filemanager/source/ADB%20LOGO.jpg\" alt=\"\" width=\"127\" height=\"73\" />&nbsp; &nbsp; &nbsp; &nbsp; &nbsp; &nbsp;&nbsp;<img src=\"../../images/filemanager/source/logo Plasti Tremp.jpg\" alt=\"\" width=\"154\" height=\"63\" /></p>\r\n<p>The 1st&nbsp;of January 2014, <strong>Atelier de Beaulieu</strong> became a subsidiary of <strong>Plasti-Tremp</strong>.</p>\r\n<p>&nbsp;</p>',25),(12,'2015','NOTRE GAMME S\'AGRANDIT','<p style=\"text-align: center;\"><img src=\"../../images/filemanager/source/EMBOUT ACCROCHE.jpg\" alt=\"EMBOUT ACCROCHE\" width=\"183\" height=\"94\" /></p>\r\n<p style=\"text-align: center;\"><span style=\"text-decoration: underline;\"><strong>Info Nouveaut&eacute; Catalogue</strong></span></p>\r\n<p>Notre gamme de produits s&rsquo;&eacute;largit. A pr&eacute;sent nous proposons des <strong>embouts avec une accroche</strong> pour application industrielle.</p>\r\n<p>Pratiques &agrave; utiliser, ces <strong>embouts</strong> sont adapt&eacute;s selon votre besoin&nbsp;: taille, couleur et marquage. Ils seront <strong>uniques et adaptables</strong> pour de nombreux secteurs d&rsquo;activit&eacute;.</p>\r\n<p style=\"text-align: left;\">N&rsquo;h&eacute;sitez pas &agrave; nous consulter pour plus d&rsquo;informations.</p>','2015','OUR PRODUCT RANGE EVOLVES','<p><img style=\"display: block; margin-left: auto; margin-right: auto;\" src=\"../../images/filemanager/source/EMBOUT ACCROCHE.jpg\" alt=\"EMBOUT ACCROCHE\" width=\"183\" height=\"94\" /></p>\r\n<p>In 2015, our range of products is expanding.&nbsp;Now we offer <strong>end pieces with a hook</strong> for industrial application.</p>\r\n<p>Practical to use, these <strong>end pieces</strong> are adapted according to your needs: size, color, and marking.&nbsp;They will be <strong>unique and adaptable</strong> to many sectors of activity.</p>\r\n<p>Feel free to contact us for more information.</p>',21),(15,'2016','CAPCIRE, LA CAPSULE EFFET CIRE','<p style=\"text-align: center;\"><strong>Fabricant de Capsule de Surbouchage</strong></p>\r\n<p><strong>Capcire</strong>&nbsp;est une capsule en PVC avec une&nbsp;<strong>finition aspect cire</strong>. A ce jour, nous sommes les seuls fabricants &agrave; proposer une capsule&nbsp;<em>effet cire</em>.</p>\r\n<p>Parfaitement adapt&eacute;es aux bouteilles en verre, elles sont disponibles en diff&eacute;rentes&nbsp;<strong>tailles</strong>&nbsp;et&nbsp;<strong>couleurs.</strong></p>\r\n<p>La pose de ces capsules se fait en un clin d\'oeil :&nbsp;<strong>aucun outil</strong>&nbsp;n\'est n&eacute;cessaire pour la pose qui se fait manuellement en&nbsp;<strong>trois secondes</strong>&nbsp;! Et l\'ouverture de la capsule est tout aussi facile, un&nbsp;<strong>simple limonadier</strong>&nbsp;suffit.</p>\r\n<p>La solution que propose Capcire vous fera gagner du temps et est une alternative&nbsp;<strong>&eacute;conomique</strong>.</p>\r\n<p style=\"text-align: center;\"><strong>Demandez d&egrave;s &agrave; pr&eacute;sent votre &eacute;chantillon !</strong></p>\r\n<p>Pour plus d\'informations, consultez notre site internet&nbsp;<strong><a href=\"http://capcire.fr/\">www.capcire.fr</a></strong></p>','2016','CAPCIRE, THE WINE CAP WITH A WEX EFFECT','<p><strong>Capcire</strong>&nbsp;is a capsule with a&nbsp;<strong>wax finish</strong>. It has many advantages, including the fact that it is&nbsp;<strong>easy and quick to install</strong>: in less than three seconds, the bottle is adorned. Its original and modern aspect is the strong point of this capsule.</p>\r\n<p>Its&nbsp;<strong>streaks</strong>&nbsp;that look like real wax will make your bottles look authentic. Capcire is ideal when one finds that wax takes too much time to apply, it is also ideal to positively change your image.</p>\r\n<p>Available in&nbsp;<strong>several sizes and colors</strong>, each bottle will be unique.</p>\r\n<p style=\"text-align: center;\"><strong>Ask for a sample!</strong></p>\r\n<p>For more information, visit our site&nbsp;<a href=\"http://capcire.fr/en/\">capcire</a>&nbsp;or contact&nbsp; at&nbsp;<strong>info@capcire.fr</strong>&nbsp;or&nbsp;<strong>+ 33 248 782075 &nbsp; </strong></p>',22),(16,'2016','L\'Atelier de Beaulieu au salon MIDEST ','<p><span style=\"text-decoration: underline;\"><strong>MIDEST</strong></span> - Salon mondial de tous les savoir-faire en sous-traitance industrielle du 6 au 9 d&eacute;cembre 2016 - au Parc des Expositions PARIS-NORD de VILLEPINTE.</p>\r\n<p>N\'h&eacute;sitez pas &agrave; venir nous rencontrer.&nbsp; Nous nous r&eacute;jouissons d\'avance de votre visite !</p>\r\n<p><span style=\"text-align: left; color: #989898; text-transform: none; line-height: 24px; text-indent: 0px; letter-spacing: normal; font-family: Neuzeit, Helvetica, Arial, sans-serif; font-size: 14px; font-style: normal; font-weight: normal; word-spacing: 0px; float: none; display: inline !important; white-space: normal; orphans: 2; widows: 2; background-color: #ffffff; font-variant-ligatures: normal; font-variant-caps: normal; -webkit-text-stroke-width: 0px;\"><span class=\"Apple-converted-space\">&nbsp;</span>le formulaire de demande de badge visiteur&nbsp;:<span class=\"Apple-converted-space\">&nbsp;</span></span><a style=\"margin: 0px; padding: 0px; border: 0px currentColor; transition: 0.3s ease-in; text-align: left; color: #341e58; text-transform: none; line-height: 24px; text-indent: 0px; letter-spacing: normal; font-family: Neuzeit, Helvetica, Arial, sans-serif; font-size: 14px; font-style: normal; font-weight: normal; text-decoration: none; word-spacing: 0px; vertical-align: baseline; white-space: normal; cursor: pointer; orphans: 2; widows: 2; background-color: #ffffff; font-variant-ligatures: normal; font-variant-caps: normal; -webkit-text-stroke-width: 0px;\" href=\"https://badge.midest.com/\">https://badge.midest.com</a></p>','','','',24),(27,'2021','ADB - INJECTION PLASTIQUE','<p style=\"text-align: center;\"><span style=\"color: #d2101f;\"><span style=\"text-decoration: underline;\"><span class=\"astitre\" style=\"background-color: #ffffff;\"><span class=\"abold2\"><span style=\"color: #a2b61f; text-decoration: underline;\">NOTRE</span></span></span></span></span><strong><span style=\"color: #d2101f;\"><span style=\"text-decoration: underline;\"><span class=\"astitre\" style=\"background-color: #ffffff;\"><span class=\"abold2\"><span style=\"color: #a2b61f; text-decoration: underline;\"> OBJECTIF</span> </span></span></span><br /></span><span class=\"abold2\">Satisfaire tous nos clients en termes de qualit&eacute; et de d&eacute;lai, quelques soient les quantit&eacute;s demand&eacute;es. </span><br /><br /></strong> En effet, nous nous adaptons &agrave; toutes les situations selon vos besoins : essais d&rsquo;outillage, &eacute;chantillons,&nbsp; petites, moyennes, grandes s&eacute;ries</p>\r\n<p><strong>Moulage de tous thermoplastiques</strong>, y compris les mati&egrave;res souples (PVC plastifi&eacute;)</p>','','','',13),(18,'','L\'ATELIER DE BEAULIEU DEMENAGE FIN AOUT 2018','<p>L&rsquo;Atelier de Beaulieu emm&eacute;nagera dans ses nouveaux locaux fin&nbsp;Ao&ucirc;t 2018</p>\r\n<p><span style=\"text-decoration: underline;\">Notre nouvelle adresse sera</span>&nbsp;:&nbsp;</p>\r\n<p>ATELIER DE BEAULIEU - 7 ROUTE DE BOUCARD - 18300 MENETOU RATEL</p>\r\n<p>&nbsp;T&eacute;l&nbsp;: 02.48.78.20.75&nbsp;&nbsp; Fax&nbsp;: 02.48.78.21.65&nbsp;</p>\r\n<p>Nous serons heureux de vous y accueillir et de poursuivre nos collaborations commerciales</p>\r\n<p>&nbsp;</p>','','','',23),(19,'Embouts - Capuchons - Manchons - Poignées ','ADB - PLUS DE 50 ANS D\'EXPERIENCE','<p>&nbsp;<span style=\"text-decoration: underline;\">ADB - c&rsquo;est une &eacute;quipe dynamique, toujours pr&ecirc;te &agrave; r&eacute;pondre &agrave; votre demande, pour une disponibilit&eacute; totale et une prestation de qualit&eacute; !</span></p>\r\n<p><strong><a href=\"http://www.atelierdebeaulieu.fr/images/filemanager/source/revetements.pdf\">&nbsp;</a>Soci&eacute;t&eacute; sp&eacute;cialis&eacute;e dans la conception, la r&eacute;alisation et la fourniture de pi&egrave;ces standards ou techniques obtenues par injection ou trempage de mati&egrave;res plastiques&nbsp;ADB est le partenaire incontournable dans tous les domaines depuis&nbsp;50 ans.</strong></p>\r\n<p>&nbsp;Nous vous proposons nos services pour vous accompagner dans le d&eacute;veloppement et la fourniture de pi&egrave;ces plastiques (<strong>embouts</strong> &ndash; <strong>poign&eacute;es</strong> &ndash; <strong>protecteur</strong>s &ndash; <strong>pi&egrave;ces techniques</strong> - <strong>soufflets</strong>,&nbsp; <strong>rev&ecirc;tement</strong>, etc&hellip;)</p>\r\n<p>&nbsp;</p>','','','',19),(21,'','IMPRESSION 3D - ACQUISITION D\'UNE NOUVELLE IMPRIMANTE','<p style=\"text-align: center;\">IMPRESSION 3D - rime d&eacute;sormais avec r&eacute;alisation rapide des prototypes et r&eacute;duction des co&ucirc;ts et des temps de fabrication</p>\r\n<p style=\"text-align: center;\">&nbsp;De la pi&egrave;ce unique &agrave; une plus grosse production, notre solution d&rsquo;impression 3D convient parfaitement &agrave; vos besoins en petite s&eacute;rie.<br /><strong><span style=\"font-size: medium;\"><span style=\"color: #d2101f;\">&nbsp;<br /></span></span></strong>&nbsp;<span style=\"text-decoration: underline;\"><strong>Une id&eacute;e ?</strong></span><br /> A partir d&rsquo;un plan ou d&rsquo;un dessin, nous mod&eacute;lisons vos id&eacute;es pour pouvoir les r&eacute;aliser.</p>','','','',18),(20,'15/03/2019','ADB - Plasti-Tremp -MIDEST 2019 - Nous y Etions !','<p style=\"text-align: center;\"><strong>L&rsquo;ATELIER DE BEAULIEU</strong> -&nbsp;&nbsp; &nbsp;<strong>LE N&deg; 1&nbsp; DE LA PROTECTION&nbsp;!</strong></p>\r\n<p style=\"margin: 0cm 0cm 0pt; text-align: center;\" align=\"center\"><span style=\"font-size: 12pt;\"><span style=\"font-family: Calibri;\">Tr&egrave;s large gamme de poign&eacute;es, embouts enveloppants, pour profils ronds, carr&eacute;s et rectangulaires, embouts de forme sur demande.</span></span></p>\r\n<div class=\"resume\">\r\n<div class=\"texte\">\r\n<p>Salon du MIDEST -&nbsp; Chaque ann&eacute;e, le rendez-vous de l\'excellence et des perspectives industrielles - &agrave; ne pas manquer.</p>\r\n</div>\r\n</div>\r\n<p><strong><strong>&nbsp;</strong></strong></p>','','','',20),(22,'Vous êtes intéressés ? Contactez-nous !','Tout notre savoir-faire à votre service','<p>Depuis de nombreuses ann&eacute;es, L\'Atelier de Beaulieu intervient dans tous les domaines, dans la fabrication de produits standards ou sur mesure, &agrave; l\'unit&eacute; ou en s&eacute;rie, quelque soit la complexit&eacute; des pi&egrave;ces&nbsp;&agrave; fabriquer.</p>\r\n<p>Notre &eacute;quipe saura r&eacute;pondre &agrave; vos attentes gr&acirc;ce &agrave; une &eacute;coute et une disponibilit&eacute; de tous les instants.</p>\r\n<p>Qualit&eacute;, efficacit&eacute; et rapidit&eacute; sont les ma&icirc;tres mots d\'une entreprise tr&egrave;s implant&eacute;e dans sa r&eacute;gion et pr&ecirc;te &agrave; relever tous les d&eacute;fis que vous saurez lui proposer.</p>\r\n<p style=\"text-align: center;\"><strong><span style=\"text-decoration: underline;\">Embouts</span> - <span style=\"text-decoration: underline;\">Bouchons</span> - <span style=\"text-decoration: underline;\">Capuchons</span> - <span style=\"text-decoration: underline;\">Manchons</span> - <span style=\"text-decoration: underline;\">Poign&eacute;es</span> - <span style=\"text-decoration: underline;\">Protecteurs</span> -<span style=\"text-decoration: underline;\">Soufflets</span> - <span style=\"text-decoration: underline;\">pi&egrave;ces Techniques</span> - <span style=\"text-decoration: underline;\">Rev&ecirc;tement sur M&eacute;tal</span> ou <span style=\"text-decoration: underline;\">sur Verre</span> -<span style=\"text-decoration: underline;\"> Injection</span> - <span style=\"text-decoration: underline;\">Injection basse pression</span></strong></p>\r\n<div class=\"texte\">\r\n<p style=\"text-align: center;\">&nbsp;</p>\r\n</div>','','','',17),(23,'2021','ADB - PLASTIFICATION DE PIECES','<p>ET<strong> SI UN REVETEMENT PLASTIQUE ETAIT LA SOLUTION&nbsp;</strong><strong>?&hellip;&hellip;.</strong></p>\r\n<p><strong>Pour limiter les nuisances dues&nbsp;(aux vibrations, aux agressions, aux chocs)</strong></p>\r\n<p style=\"text-align: center;\"><strong>Pour faciliter (le rep&eacute;rage, la personnalisation, l\'isolation)</strong></p>\r\n<p style=\"text-align: center;\"><strong>Pour am&eacute;liorer (l\'esth&eacute;tique, le confort, la dur&eacute;e de vie)</strong></p>\r\n<p style=\"text-align: center;\"><strong>NOUS VOUS PROPOSONS DE REVETIR VOS PIECES METALLIQUES</strong></p>\r\n<p style=\"text-align: center;\"><span style=\"text-decoration: underline;\"><strong>N\'HESITEZ PAS, CONSULTEZ NOUS !!!</strong></span></p>\r\n<p style=\"text-align: center;\"><span style=\"text-decoration: underline;\"><strong>ESSAI GRATUIT SUIVANT FAISABILITE</strong></span></p>\r\n<p>&nbsp;</p>\r\n<p>&nbsp;</p>\r\n<p>&nbsp;</p>','','','',9),(28,'SEPTEMBRE 2021  - LYON','REPORT SALON MIDEST ','<p><span style=\"text-decoration: underline;\"><strong>&nbsp;MIDEST</strong></span> - REPORT DU Salon mondial de tous les savoir-faire en sous-traitance industrielle en&nbsp;SEPTEMBRE 2021 A LYON</p>\r\n<p style=\"text-align: center;\">N\'h&eacute;sitez pas &agrave; venir nous rencontrer.&nbsp; Nous nous r&eacute;jouissons d\'avance de votre visite !</p>','','','',15),(29,'2021','BOUCHON PLASTIQUE - PULL TAB CAPS','<p>Nous nous proposons&nbsp; <strong>un large choix de pi&egrave;ces standards dans notre catalogue</strong> mais pouvons &eacute;galement, le cas &eacute;ch&eacute;ant, Concevoir ensemble une solution originale adapt&eacute;e &agrave; vos besoins sp&eacute;cifiques.</p>\r\n<p><strong>L\'Atelier de Beaulieu vous apporte son exp&eacute;rience, son implication et vous garantit le meilleur r&eacute;sultat pour toujours vous satisfaire</strong></p>\r\n<p>&nbsp;</p>','','','',12),(25,'2021','ADB - LA PROTECTION SUR MESURE','<p><span style=\"color: #001000; font-family: \'Source Sans Pro\',Helvetica,Arial,sans-serif; font-size: large;\">Bouchon-Embout-Rev&ecirc;tement-Injection-Soufflet</span>&nbsp;</p>\r\n<div class=\"texte\">\r\n<p><span style=\"color: #333333; text-transform: none; text-indent: 0px; letter-spacing: normal; font-family: \'Source Sans Pro\', Helvetica, Arial, sans-serif; font-size: 17px; font-style: normal; font-weight: 300; word-spacing: 0px; float: none; display: inline !important; white-space: normal; orphans: 2; widows: 2; background-color: #ffffff; text-decoration-color: initial; font-variant-ligatures: normal; font-variant-caps: normal; -webkit-text-stroke-width: 0px; text-decoration-style: initial;\">Vous n&rsquo;avez pas encore trouv&eacute; le protecteur qui vous convient ? Nous d&eacute;veloppons et produisons &agrave; la demande des solutions individuelles sur mesure qui r&eacute;pondent parfaitement &agrave; vos besoins particuliers.&nbsp;</span></p>\r\n<p><strong><span style=\"color: #333333; text-transform: none; text-indent: 0px; letter-spacing: normal; font-family: \'Source Sans Pro\', Helvetica, Arial, sans-serif; font-size: 17px; font-style: normal; word-spacing: 0px; float: none; display: inline !important; white-space: normal; orphans: 2; widows: 2; background-color: #ffffff; text-decoration-color: initial; font-variant-ligatures: normal; font-variant-caps: normal; -webkit-text-stroke-width: 0px; text-decoration-style: initial;\"><span style=\"text-decoration: underline;\">Soufflets</span> - <span style=\"text-decoration: underline;\">pi&egrave;ces Techniques</span> - <span style=\"text-decoration: underline;\">Embouts</span> - <span style=\"text-decoration: underline;\">Poign&eacute;es</span> - <span style=\"text-decoration: underline;\">Protecteurs</span> -<span style=\"text-decoration: underline;\">Rev&ecirc;tement sur M&eacute;tal</span> ou <span style=\"text-decoration: underline;\">sur Verre</span> - <span style=\"text-decoration: underline;\">Injection basse pression</span></span></strong></p>\r\n<p style=\"text-align: center;\"><span style=\"color: #333333; text-transform: none; text-indent: 0px; letter-spacing: normal; font-family: \'Source Sans Pro\', Helvetica, Arial, sans-serif; font-size: 17px; font-style: normal; word-spacing: 0px; float: none; display: inline !important; white-space: normal; orphans: 2; widows: 2; background-color: #ffffff; text-decoration-color: initial; font-variant-ligatures: normal; font-variant-caps: normal; -webkit-text-stroke-width: 0px; text-decoration-style: initial;\">Vous &ecirc;tes int&eacute;ress&eacute; ? Contactez-nous !</span></p>\r\n<p style=\"text-align: center;\"><span style=\"color: #333333; text-transform: none; text-indent: 0px; letter-spacing: normal; font-family: \'Source Sans Pro\', Helvetica, Arial, sans-serif; font-size: 17px; font-style: normal; word-spacing: 0px; float: none; display: inline !important; white-space: normal; orphans: 2; widows: 2; background-color: #ffffff; text-decoration-color: initial; font-variant-ligatures: normal; font-variant-caps: normal; -webkit-text-stroke-width: 0px; text-decoration-style: initial;\">&nbsp; <span style=\"color: #333333; text-transform: none; text-indent: 0px; letter-spacing: normal; font-family: \'Source Sans Pro\', Helvetica, Arial, sans-serif; font-size: 17px; font-style: normal; word-spacing: 0px; float: none; display: inline !important; white-space: normal; orphans: 2; widows: 2; background-color: #ffffff; text-decoration-color: initial; font-variant-ligatures: normal; font-variant-caps: normal; -webkit-text-stroke-width: 0px; text-decoration-style: initial;\">Nous nous ferons un plaisir de vous r&eacute;pondre </span></span></p>\r\n<p><span style=\"color: #333333; text-transform: none; text-indent: 0px; letter-spacing: normal; font-family: \'Source Sans Pro\', Helvetica, Arial, sans-serif; font-size: 17px; font-style: normal; word-spacing: 0px; float: none; display: inline !important; white-space: normal; orphans: 2; widows: 2; background-color: #ffffff; text-decoration-color: initial; font-variant-ligatures: normal; font-variant-caps: normal; -webkit-text-stroke-width: 0px; text-decoration-style: initial;\">&nbsp;</span></p>\r\n</div>','','','',16),(26,'JUIN 2020 - MARQUAGE LASER','DECLINEZ VOTRE IDENTITE','<p style=\"text-align: center;\"><span style=\"text-decoration: underline;\"><strong>un marquage laser pour la tra&ccedil;abilit&eacute; de vos pi&egrave;ces ! </strong>&nbsp;</span></p>\r\n<p>Personnalisez vos productions (pi&egrave;ces plastiques ou autres) par marquage laser.</p>\r\n<p>Logo, image, texte....tout est envisageable. Pour vos marquages r&eacute;glementaires (NF, CE....)</p>\r\n<p>Il est pratique et tr&egrave;s r&eacute;sistant.</p>','','','',14),(31,'2021','ENSEMBLE REUSSISSONS LA REPRISE','<p>Vous<strong> avez un plan, un sch&eacute;ma, ou juste une id&eacute;e ? Vous souhaitez une r&eacute;ponse rapide et professionnelle ?</strong></p>\r\n<p><br />Notre &eacute;quipe vous accompagne au plus pr&egrave;s dans une d&eacute;marche structur&eacute;e et optimis&eacute;e, du chiffrage &agrave; l&rsquo;industrialisation, afin de concr&eacute;tiser tous vos projets.</p>','','','',7),(30,'MARS-AVRIL-MAI','COVID-19 - ADB EST OUVERT','<p>COVID-19</p>\r\n<p style=\"text-align: left;\">Dans le contexte actuel de pand&eacute;mie Covid19, L&rsquo;Atelier de Beaulieu a eu la pr&eacute;occupation depuis le d&eacute;but de cette crise sanitaire de prot&eacute;ger ses salari&eacute;s et le personnel ext&eacute;rieur tout en assurant la continuit&eacute; de ses activit&eacute;s - Tous nos services sont op&eacute;rationnels&nbsp; -</p>\r\n<p style=\"text-align: center;\">N\'h&eacute;sitez pas &agrave; nous contacter</p>\r\n<p style=\"text-align: center;\">Nous vous souhaitons sant&eacute; et s&eacute;curit&eacute; pour vous et vos proches</p>\r\n<p style=\"text-align: center;\">L\'EQUIPE ATELIER DE BEAULIEU</p>\r\n<p>&nbsp;</p>','','','',11),(32,'2021','BUREAU D’ÉTUDES CONCEPTION D’OUTILLAGES','<div class=\"texte\" style=\"color: #000000; font-family: \'Century Gothic\'; font-size: 13.3333px; font-style: normal; font-variant-ligatures: normal; font-variant-caps: normal; font-weight: 400; letter-spacing: normal; orphans: 2; text-align: center; text-indent: 0px; text-transform: none; white-space: normal; widows: 2; word-spacing: 0px; -webkit-text-stroke-width: 0px; background-color: #ffffff; text-decoration-style: initial; text-decoration-color: initial;\">\r\n<h2>VOUS AVEZ UN PROJET DE PI&Egrave;CES PLASTIQUE</h2>\r\n<p><span style=\"text-decoration: underline;\"><strong>L\'Atelier de Beaulieu </strong></span>vous accompagne sur l&rsquo;ensemble de votre projet,&nbsp;<strong>depuis l\'&eacute;tude</strong>, la conception de la pi&egrave;ce plastique et la r&eacute;alisation&nbsp;de l\'outillage<strong>&nbsp;jusqu\'&agrave; la fabrication et la finition&nbsp; de vos pi&egrave;ces.</strong><br />Nous nous engageons &agrave; vous faire parvenir rapidement un devis et au besoin vous faire un d&eacute;briefing technique de votre projet.</p>\r\n</div>\r\n<h1 style=\"text-align: center;\"><strong style=\"color: #22448d; font-family: \'Century Gothic\'; font-size: 13.3333px; font-style: normal; font-variant-ligatures: normal; font-variant-caps: normal; letter-spacing: normal; orphans: 2; text-align: center; text-indent: 0px; text-transform: none; white-space: normal; widows: 2; word-spacing: 0px; -webkit-text-stroke-width: 0px; background-color: #ffffff; text-decoration-style: initial; text-decoration-color: initial;\">N\'HESITEZ PAS - CONSULTEZ-NOUS</strong><span style=\"color: #000000; font-family: \'Century Gothic\'; font-size: 13.3333px; font-style: normal; font-variant-ligatures: normal; font-variant-caps: normal; font-weight: 400; letter-spacing: normal; orphans: 2; text-align: center; text-indent: 0px; text-transform: none; white-space: normal; widows: 2; word-spacing: 0px; -webkit-text-stroke-width: 0px; background-color: #ffffff; text-decoration-style: initial; text-decoration-color: initial; display: inline !important; float: none;\">&nbsp;</span></h1>','','','',8),(37,'AVRIL 2021','NOTE D\'INFORMATION - COVID 19','<p style=\"text-align: center;\"><strong><span style=\"text-decoration: underline;\">ATELIER DE BEAULIEU reste &agrave; votre enti&egrave;re disposition&nbsp;</span></strong></p>\r\n<p>La crise sanitaire COVID19 perdure et challenge nos modes de fonctionnement et d\'organisation.</p>\r\n<p><span style=\"color: #000000; font-family: \'Century Gothic\'; font-size: 13.3333px; font-style: normal; font-variant-ligatures: normal; font-variant-caps: normal; font-weight: 400; letter-spacing: normal; orphans: 2; text-align: justify; text-indent: 0px; text-transform: none; white-space: normal; widows: 2; word-spacing: 0px; -webkit-text-stroke-width: 0px; background-color: #ffffff; text-decoration-thickness: initial; text-decoration-style: initial; text-decoration-color: initial; display: inline !important; float: none;\">Depuis quelques semaines, la propagation du virus&nbsp;s\' acc&eacute;l&egrave;re ce qui a conduit le gouvernement &agrave; ordonner de nouvelles mesures de pr&eacute;cautions et un nouveau confinement.</span></p>\r\n<p><span style=\"text-decoration: underline;\">Nos priorit&eacute;s sont claires</span> : <strong>pr&eacute;server la sant&eacute; de nos collaborateurs et assurer une continut&eacute; de service pour la satisfaction de nos CLIENTS</strong>.</p>\r\n<p style=\"text-align: center;\"><span style=\"text-decoration: underline;\">(<strong>r&eacute;activit&eacute; commerciale, conseils techniques, d&eacute;lais et qualit&eacute;)</strong></span></p>\r\n<p style=\"text-align: center;\"><strong>Notre &eacute;quipe reste &agrave; votre &eacute;coute pour vous apporter des solutions rapides, n\'h&eacute;sitez pas si besoin !</strong></p>','','','',3),(33,'2021','IMPRESSION 3D - UN BEL AVENIR','<p style=\"color: #000000; font-family: \'Century Gothic\'; font-size: 13.3333px; font-style: normal; font-variant-ligatures: normal; font-variant-caps: normal; font-weight: 400; letter-spacing: normal; orphans: 2; text-indent: 0px; text-transform: none; white-space: normal; widows: 2; word-spacing: 0px; -webkit-text-stroke-width: 0px; background-color: #ffffff; text-decoration-style: initial; text-decoration-color: initial; text-align: center;\">POURQUOI<strong>&nbsp;L\'iMPRESSION 3D ?</strong></p>\r\n<p style=\"color: #000000; font-family: \'Century Gothic\'; font-size: 13.3333px; font-style: normal; font-variant-ligatures: normal; font-variant-caps: normal; font-weight: 400; letter-spacing: normal; orphans: 2; text-indent: 0px; text-transform: none; white-space: normal; widows: 2; word-spacing: 0px; -webkit-text-stroke-width: 0px; background-color: #ffffff; text-decoration-style: initial; text-decoration-color: initial; text-align: center;\"><strong>L\'atout majeur de l\'<strong>impression 3D</strong>&nbsp;est qu\'elle permet de de cr&eacute;er des objets &agrave; volont&eacute; selon ses d&eacute;sirs. Cette technologie permet le prototypage rapide et l\'affinage de la production jusqu\'&agrave; obtenir l\'objet imagin&eacute;</strong></p>\r\n<p style=\"color: #000000; font-family: \'Century Gothic\'; font-size: 13.3333px; font-style: normal; font-variant-ligatures: normal; font-variant-caps: normal; font-weight: 400; letter-spacing: normal; orphans: 2; text-align: justify; text-indent: 0px; text-transform: none; white-space: normal; widows: 2; word-spacing: 0px; -webkit-text-stroke-width: 0px; background-color: #ffffff; text-decoration-style: initial; text-decoration-color: initial;\"><strong>&nbsp;notre solution d&rsquo;impression 3D convient parfaitement &agrave; vos besoins en petite s&eacute;rie (la pr&eacute;cision, la rapidit&eacute;, co&ucirc;t r&eacute;duit et la simplicit&eacute;)</strong></p>\r\n<p style=\"color: #000000; font-family: \'Century Gothic\'; font-size: 13.3333px; font-style: normal; font-variant-ligatures: normal; font-variant-caps: normal; font-weight: 400; letter-spacing: normal; orphans: 2; text-indent: 0px; text-transform: none; white-space: normal; widows: 2; word-spacing: 0px; -webkit-text-stroke-width: 0px; background-color: #ffffff; text-decoration-style: initial; text-decoration-color: initial; text-align: center;\"><strong>Une id&eacute;e ?</strong><br /><strong>A partir d&rsquo;un plan ou d&rsquo;un , dessin, nous mod&eacute;lisons vos id&eacute;es pour pouvoir les r&eacute;aliser.</strong></p>\r\n<p>&nbsp;</p>','','','',10),(34,'2021','ADB - LE N°1 DE LA PROTECTION','<p align=\"center\"><strong>Tr&egrave;s large gamme de poign&eacute;es, embouts enveloppants, pour profils ronds, carr&eacute;s et rectangulaires, embouts de forme sur demande</strong></p>\r\n<p align=\"center\">Pi&egrave;ces techniques de forme diverses en fonction des demandes et besoins des clients</p>\r\n<p style=\"text-align: center;\"><span style=\"text-decoration: underline;\"><strong>Force de conseils</strong></span></p>\r\n<p style=\"text-align: center;\">Prototypes, pi&egrave;ces uniques, petites, moyennes et grandes s&eacute;ries suivant plans ou mod&egrave;les.</p>\r\n<p style=\"text-align: center;\">Nos mati&egrave;res premi&egrave;res sont homologu&eacute;es et certifi&eacute;es.</p>\r\n<p style=\"text-align: center;\"><strong>&nbsp;Toute notre &eacute;quipe reste &agrave; votre &eacute;coute et mets ses 50 ans d&rsquo;exp&eacute;rience &agrave; votre disposition</strong></p>','','','',6),(35,'2021','FABRICANT SOUFFLET PROTECTION PVC','<p style=\"text-align: center;\"><span style=\"text-decoration: underline;\"><strong>Prot&eacute;ger efficacement vos outils de protection !</strong></span></p>\r\n<p>&nbsp;Indispensables &agrave; la bonne tenue de vos outils de travail, les soufflets de protection (en injection ou en trempage) ont pour fonction de pr&eacute;server les organes sensibles de vos machines.</p>\r\n<p>Quelles que soient les mati&egrave;res, les formes ou les dimensions, la production de soufflets n&eacute;cessite un savoir-faire certain pour en assurer la qualit&eacute; et la fiabilit&eacute;.</p>\r\n<p><strong>&nbsp;</strong><strong>Pour toute demande, n&rsquo;h&eacute;sitez pas &agrave; nous contacter&nbsp;!&nbsp; Nous sommes &agrave; votre &eacute;coute&nbsp;!</strong></p>\r\n<p style=\"text-align: center;\">&nbsp;</p>','','','',5),(36,'2021','SPECIALISTE BOUCHON PLASTIQUE','<p style=\"color: #000000; font-family: \'Century Gothic\'; font-size: 13.3333px; font-style: normal; font-variant-ligatures: normal; font-variant-caps: normal; font-weight: 400; letter-spacing: normal; orphans: 2; text-indent: 0px; text-transform: none; white-space: normal; widows: 2; word-spacing: 0px; -webkit-text-stroke-width: 0px; background-color: #ffffff; text-decoration-style: initial; text-decoration-color: initial; text-align: center;\"><strong>Sur un march&eacute; o&ugrave; la concurrence est rude, il imp&eacute;ratif d\'&ecirc;tre plus rapide, meilleur et moins cher</strong></p>\r\n<p style=\"color: #000000; font-family: \'Century Gothic\'; font-size: 13.3333px; font-style: normal; font-variant-ligatures: normal; font-variant-caps: normal; font-weight: 400; letter-spacing: normal; orphans: 2; text-align: justify; text-indent: 0px; text-transform: none; white-space: normal; widows: 2; word-spacing: 0px; -webkit-text-stroke-width: 0px; background-color: #ffffff; text-decoration-style: initial; text-decoration-color: initial;\"><strong>Chez <span style=\"text-decoration: underline;\">Atelier de Beaulieu</span>, nous mettons tout en oeuvre pour que nos clients y parviennent CAR le succ&egrave;s de nos clients est aussi le n&ocirc;tre !</strong></p>\r\n<p style=\"color: #000000; font-family: \'Century Gothic\'; font-size: 13.3333px; font-style: normal; font-variant-ligatures: normal; font-variant-caps: normal; font-weight: 400; letter-spacing: normal; orphans: 2; text-align: justify; text-indent: 0px; text-transform: none; white-space: normal; widows: 2; word-spacing: 0px; -webkit-text-stroke-width: 0px; background-color: #ffffff; text-decoration-style: initial; text-decoration-color: initial;\"><strong>Embouts - Poign&eacute;es - Manchons - Protecteurs -Rev&ecirc;tement sur M&eacute;tal ou sur Verre - Injection Plastique - Soufflets - pi&egrave;ces Techniques</strong></p>\r\n<p style=\"color: #000000; font-family: \'Century Gothic\'; font-size: 13.3333px; font-style: normal; font-variant-ligatures: normal; font-variant-caps: normal; font-weight: 400; letter-spacing: normal; orphans: 2; text-align: justify; text-indent: 0px; text-transform: none; white-space: normal; widows: 2; word-spacing: 0px; -webkit-text-stroke-width: 0px; background-color: #ffffff; text-decoration-style: initial; text-decoration-color: initial;\">&nbsp;</p>','','','',4),(38,'MAI-JUIN 2021 ','Nos atouts à votre service','<p style=\"text-align: center;\"><strong>Plus de 50 ans d\'exp&eacute;rience dans le bouchon plastique de protection.</strong></p>\r\n<p>L\'Atelier de Beaulieu con&ccedil;oit, fabrique et commercialise des composants plastiques.</p>\r\n<p>Une grande vari&eacute;t&eacute; de produits standards<strong> (bouchons plastiques, Embouts, capuchons, manchons, protecteurs, obturateurs, capes).</strong></p>\r\n<p>Une grande flexibilit&eacute; et des co&ucirc;ts de production r&eacute;duits sur nos produits standards et sp&eacute;cifiques et cela gr&acirc;ce &agrave; notre parc machines.&nbsp;</p>\r\n<p style=\"text-align: left;\">De nombreuses industries nous font d&eacute;j&agrave; confiance : automobile, agriculture, a&eacute;ronautique, m&eacute;dical, pu&eacute;riculture et bien d\'autres encore....</p>\r\n<p style=\"text-align: center;\">N\'h&eacute;sitez pas &agrave; nous consulter !</p>\r\n<p>&nbsp;</p>','','','',2),(39,'','FERMETURE ESTIVALE 2021/NEXT CLOSURES','<p><strong>L\'Atelier de Beaulieu vous informe que nous serons ferm&eacute;s les semaines 31 - 32 - 33 /2021</strong></p>\r\n<p><strong>Nous serons de retour, en pleine forme, pour vous servir le 23 Ao&ucirc;t 2021 d&egrave;s 8h</strong></p>\r\n<p><strong>N\'h&eacute;sitez pas &agrave; nous envoyer un mail, nous y r&eacute;pondrons d&egrave;s notre retour</strong></p>\r\n<p style=\"text-align: center;\"><strong><em>Nous vous souhaitons un bel &eacute;t&eacute; &agrave; tous</em></strong></p>\r\n<p style=\"text-align: center;\"><em><strong>Company closure from 31 july 2021&nbsp; to 22 Ao&ucirc;t 2021 inclusive</strong></em></p>','','','',1);
/*!40000 ALTER TABLE `adb_actus` ENABLE KEYS */;
UNLOCK TABLES;

--
-- Table structure for table `adb_aspects`
--

DROP TABLE IF EXISTS `adb_aspects`;
/*!40101 SET @saved_cs_client     = @@character_set_client */;
/*!40101 SET character_set_client = utf8 */;
CREATE TABLE `adb_aspects` (
  `id_aspect` int(11) NOT NULL AUTO_INCREMENT,
  `aspect` varchar(50) NOT NULL,
  PRIMARY KEY (`id_aspect`)
) ENGINE=MyISAM AUTO_INCREMENT=5 DEFAULT CHARSET=latin1;
/*!40101 SET character_set_client = @saved_cs_client */;

--
-- Dumping data for table `adb_aspects`
--

LOCK TABLES `adb_aspects` WRITE;
/*!40000 ALTER TABLE `adb_aspects` DISABLE KEYS */;
INSERT INTO `adb_aspects` VALUES (1,'Brillant 60 shores'),(2,'Brillant 80 shores'),(3,'Brillant 95 shores'),(4,'Granité');
/*!40000 ALTER TABLE `adb_aspects` ENABLE KEYS */;
UNLOCK TABLES;

--
-- Table structure for table `adb_categories`
--

DROP TABLE IF EXISTS `adb_categories`;
/*!40101 SET @saved_cs_client     = @@character_set_client */;
/*!40101 SET character_set_client = utf8 */;
CREATE TABLE `adb_categories` (
  `id_categorie` int(11) NOT NULL AUTO_INCREMENT,
  `nom_categorie` varchar(150) NOT NULL,
  `nom_categorie_en` varchar(255) NOT NULL,
  `texte` text NOT NULL,
  `texte_en` text NOT NULL,
  PRIMARY KEY (`id_categorie`)
) ENGINE=MyISAM AUTO_INCREMENT=4 DEFAULT CHARSET=latin1;
/*!40101 SET character_set_client = @saved_cs_client */;

--
-- Dumping data for table `adb_categories`
--

LOCK TABLES `adb_categories` WRITE;
/*!40000 ALTER TABLE `adb_categories` DISABLE KEYS */;
INSERT INTO `adb_categories` VALUES (1,'Embouts','Plastic caps','<p>Nos embouts s‘adaptent à tous les besoins (transport, manutention, capotage, marquage, …) de nombreuses tailles sont disponibles. La longueur et la dureté sont adaptables.</p> Nous vous proposons aussi une large gamme de manchons rectangulaires (souple, semi-rigide ou rigide) pour profil rond, carré, pour fer plat. Possibilité de personnalisation. Embouts de forme sur demande.\r\n','<p>Our plastic caps adapt to all needs (transport, handling, sealing bellows, marking …).</p> We also offer a wide range of rectangular tubes and sleeves (flexible, semi-rigid or rigid) for rounds, squares, and flat iron bar. You can personalize your pieces. Plastic caps on request.'),(2,'Poignées','Handles','Une large gamme de modeles de poignées PVC','A wide range of different PVC handles models'),(3,'Boutons étoiles','Star grips','Nous vous proposons une gamme de boutons étoiles avec différents insert taraudé surmoulé M6-M8-M10','We offer a variety of star grips with different overmolded internal thread M6-M8-M10');
/*!40000 ALTER TABLE `adb_categories` ENABLE KEYS */;
UNLOCK TABLES;

--
-- Table structure for table `adb_couleurs`
--

DROP TABLE IF EXISTS `adb_couleurs`;
/*!40101 SET @saved_cs_client     = @@character_set_client */;
/*!40101 SET character_set_client = utf8 */;
CREATE TABLE `adb_couleurs` (
  `id_couleur` int(11) NOT NULL AUTO_INCREMENT,
  `id_tonalite` int(11) NOT NULL,
  `ref_adb` varchar(15) NOT NULL,
  `ral` varchar(10) NOT NULL,
  `hexa` varchar(10) NOT NULL,
  PRIMARY KEY (`id_couleur`)
) ENGINE=MyISAM AUTO_INCREMENT=66 DEFAULT CHARSET=latin1;
/*!40101 SET character_set_client = @saved_cs_client */;

--
-- Dumping data for table `adb_couleurs`
--

LOCK TABLES `adb_couleurs` WRITE;
/*!40000 ALTER TABLE `adb_couleurs` DISABLE KEYS */;
INSERT INTO `adb_couleurs` VALUES (4,1,'BLANC 02','9003','FFFFFF'),(3,1,'BLANC 01','9010','f4f3ee'),(5,2,'BLEU 01','5015','0071b3'),(6,2,'BLEU 04','5002','172e7c'),(7,2,'BLEU 05','5020','007780'),(8,2,'BLEU 06','5002','172e7c'),(9,2,'BLEU 07','5003','193157'),(10,2,'BLEU 08','5002-5022','172e7c'),(11,2,'BLEU 09','5024','6392b0'),(12,2,'BLEU 15','5002','172e7c'),(13,2,'BLEU 16','5001','0b4664'),(14,2,'BLEU 17','5005','024387'),(15,2,'BLEU 19','5000','2d4b6f'),(16,2,'BLEU 20','5023','486493'),(17,2,'BLEU 21','5014','486493'),(18,3,'Sans phtalate','','FFFFFF'),(19,3,'Cristal ','','FFFFFF'),(20,3,'Version top','','FFFFFF'),(21,4,'GRIS 03','7040','99a0aa'),(22,4,'GRIS 04','7016','363d43'),(23,4,'GRIS 10','7036','949295'),(24,4,'GRIS 16','7035','c4caca'),(25,4,'GRIS 19','7024','4a4a52'),(26,4,'GRIS 26','7046','858a8d'),(27,4,'GRIS 29','7015','212831'),(28,4,'GRIS 30','7008','7a6142'),(29,5,'JAUNE 01','1021','ffcd06'),(30,5,'JAUNE 02','1028','fd9e00'),(31,5,'JAUNE 05','1012','d8b400'),(32,5,'PHOSPHO','',''),(33,6,'MARRON 01','8002','632407'),(34,6,'MARRON 06','8019','211c18'),(35,8,'ORANGE 01','2008','d68312'),(36,8,'ORANGE 02','2011','a21d00'),(37,8,'ORANGE 03','2009','d06b18'),(38,8,'ORANGE 05','2012','d26a24'),(39,8,'ORANGE 06','2003','e09500'),(40,8,'ORANGE 07','2008','d68312'),(41,9,'ROSE PALE','3015','d68789'),(42,9,'ROSE 07','4010','D82465'),(43,9,'ROSE GRANITE','P/204U','f482a3'),(44,10,'ROUGE 01','3020','d20a00'),(45,10,'ROUGE 02','3000','b00800'),(46,10,'ROUGE 03','3020','d20a00'),(47,10,'ROUGE 04','3001','8f0600'),(48,10,'ROUGE 05','3020','d20a00'),(49,10,'ROUGE 06','2002','d21400'),(50,10,'ROUGE 07','3002','970600'),(51,10,'ROUGE 08','3004','771f0a'),(52,10,'ROUGE 09','3011','9a3333'),(53,10,'ROUGE 11','3002','970600'),(54,11,'VERT 01','6029','005b34'),(55,11,'VERT 02','6018','2b8a20'),(56,11,'VERT 03','6019','acd0aa'),(57,11,'VERT 04','6024','297c2f'),(58,11,'VERT 05','5018-5021','006d69'),(59,11,'VERT 06','6029','005b34'),(60,11,'VERT 07','6026','004a38'),(61,11,'VERT 08','5021','006561'),(62,11,'VERT 14','6013','8d8556'),(63,11,'VERT 15','6005','00281c'),(64,11,'VERT 17','6026','004a38'),(65,12,'VIOLET 01','4005','75406d');
/*!40000 ALTER TABLE `adb_couleurs` ENABLE KEYS */;
UNLOCK TABLES;

--
-- Table structure for table `adb_couleurs_aspects`
--

DROP TABLE IF EXISTS `adb_couleurs_aspects`;
/*!40101 SET @saved_cs_client     = @@character_set_client */;
/*!40101 SET character_set_client = utf8 */;
CREATE TABLE `adb_couleurs_aspects` (
  `id_couleur_aspect` int(11) NOT NULL AUTO_INCREMENT,
  `id_couleur` int(11) NOT NULL,
  `id_aspect` int(11) NOT NULL,
  PRIMARY KEY (`id_couleur_aspect`)
) ENGINE=MyISAM AUTO_INCREMENT=108 DEFAULT CHARSET=latin1;
/*!40101 SET character_set_client = @saved_cs_client */;

--
-- Dumping data for table `adb_couleurs_aspects`
--

LOCK TABLES `adb_couleurs_aspects` WRITE;
/*!40000 ALTER TABLE `adb_couleurs_aspects` DISABLE KEYS */;
INSERT INTO `adb_couleurs_aspects` VALUES (21,3,3),(20,3,1),(7,4,1),(8,4,2),(9,4,3),(34,5,3),(33,5,2),(32,5,1),(14,6,2),(16,7,2),(17,8,4),(18,9,1),(19,9,2),(22,10,2),(23,11,1),(24,12,2),(25,13,2),(26,14,1),(27,14,2),(28,15,2),(29,16,1),(30,16,2),(31,17,2),(35,5,4),(106,18,2),(107,19,2),(40,20,1),(41,21,1),(42,21,2),(43,21,3),(44,22,1),(45,22,3),(46,23,2),(47,24,4),(50,25,2),(49,26,4),(51,27,2),(52,28,2),(53,29,1),(54,29,2),(55,29,3),(56,30,2),(57,31,1),(58,32,2),(59,33,1),(60,34,1),(61,35,2),(62,36,2),(63,37,2),(64,37,3),(65,38,2),(66,39,1),(67,40,2),(68,41,2),(69,42,2),(70,43,4),(71,44,1),(72,44,2),(74,45,2),(75,46,4),(76,47,2),(77,48,3),(78,49,2),(79,50,2),(80,51,2),(81,52,2),(82,53,1),(83,54,2),(102,55,2),(85,56,2),(87,57,1),(88,57,2),(100,58,2),(90,59,2),(96,60,1),(98,61,1),(93,62,2),(94,63,1),(95,64,4),(97,60,4),(99,61,4),(101,58,4),(103,55,4),(104,65,2);
/*!40000 ALTER TABLE `adb_couleurs_aspects` ENABLE KEYS */;
UNLOCK TABLES;

--
-- Table structure for table `adb_declinaisons`
--

DROP TABLE IF EXISTS `adb_declinaisons`;
/*!40101 SET @saved_cs_client     = @@character_set_client */;
/*!40101 SET character_set_client = utf8 */;
CREATE TABLE `adb_declinaisons` (
  `id_declinaison` int(11) NOT NULL AUTO_INCREMENT,
  `id_produit` int(11) NOT NULL,
  `diametre_interieur` varchar(50) NOT NULL,
  `longueur_min` varchar(50) DEFAULT NULL,
  `longueur_max` varchar(50) DEFAULT NULL,
  `epaisseur` varchar(11) NOT NULL,
  PRIMARY KEY (`id_declinaison`)
) ENGINE=MyISAM AUTO_INCREMENT=190 DEFAULT CHARSET=latin1;
/*!40101 SET character_set_client = @saved_cs_client */;

--
-- Dumping data for table `adb_declinaisons`
--

LOCK TABLES `adb_declinaisons` WRITE;
/*!40000 ALTER TABLE `adb_declinaisons` DISABLE KEYS */;
INSERT INTO `adb_declinaisons` VALUES (1,1,'2','1','','0.75'),(2,1,'2.5','1','','0.75'),(3,1,'3','1','','0.75'),(4,1,'3.5','1','','0.75'),(5,1,'4','','65','1'),(6,1,'5','','115','1'),(7,1,'6','','130','1'),(8,1,'7','','130','1'),(9,1,'7.5','','115','1'),(10,1,'8','','130','1'),(11,1,'8.8','','45','1'),(12,1,'9','','130','1'),(13,1,'10','','130','1'),(14,1,'11','','130','1.5'),(15,1,'12','','130','1.5'),(16,1,'12.5','','130','1.5'),(17,1,'13','','130','1.5'),(18,1,'14','','130','1.5'),(19,1,'15','','130','1.5'),(20,1,'16','','130','1.5'),(21,1,'17','','130','1.5'),(22,1,'17.5','','130','1.5'),(23,1,'18','','130','1.5'),(24,1,'19','','130','1.5'),(25,1,'20','','130','1.5'),(26,1,'21','','130','1.5'),(27,1,'22','','130','1.5'),(28,1,'22','','130','1.5'),(29,1,'23','','130','1.5'),(30,1,'24','','130','1.5'),(31,1,'25','','400','1.5'),(32,1,'26','','130','1.5'),(33,1,'27','','130','1.5'),(34,1,'28','','130','1.5'),(35,1,'29','','130','1.5'),(36,1,'30','','120','1.5'),(37,1,'31','','130','1.75'),(38,1,'32','','130','1.75'),(39,1,'33','','130','1.75'),(40,1,'34','','170','1.75'),(41,1,'36','','45','1.75'),(42,1,'38','','65','1.75'),(43,1,'39','','170','1.75'),(44,1,'40','','50','1.75'),(45,1,'42','','50','1.75'),(46,1,'45','','15','1.75'),(47,1,'47.5','','170','1.75'),(48,1,'46','','50','1.75'),(49,1,'50','','50','1.75'),(50,1,'58','','50','1.75'),(51,1,'59','','30','1.75'),(52,1,'66.5','','60','1.75'),(53,1,'76','','30','1.75'),(54,1,'100','','40','1.75'),(55,2,'7x4','','',''),(56,2,'8x4','','',''),(57,2,'10x2','','',''),(58,2,'10x5','','',''),(60,2,'10.5x2','','',''),(61,2,'12x3','','',''),(62,2,'12x5','','',''),(63,2,'12x6','','',''),(64,2,'12.5x2','','',''),(65,2,'13x4','','',''),(66,2,'13.4x4','','',''),(67,2,'13x6','','',''),(68,2,'15.5x2.5','','',''),(69,2,'15x8','','',''),(70,2,'16x4','','',''),(71,2,'16x5','','',''),(72,2,'18x3','','',''),(73,2,'19x2','','',''),(74,2,'19x4','','',''),(76,2,'19x6','','',''),(77,2,'20x8','','',''),(78,2,'20x10','','',''),(79,2,'24x5','','',''),(80,2,'24x8','','',''),(81,2,'25x3','','',''),(82,2,'25x6','','',''),(83,2,'25x10','','',''),(84,2,'28x4','','',''),(85,2,'28x5','','',''),(86,2,'30x6','','',''),(87,2,'30x8','','',''),(88,2,'30x10','','',''),(89,2,'30x25','','',''),(90,2,'30x30','','',''),(91,2,'33x5','','',''),(92,2,'34x5','','',''),(94,2,'34x8','','',''),(95,2,'35x12','','',''),(96,2,'40x6','','',''),(97,2,'40x27','','',''),(98,2,'40x40','','',''),(99,3,'13x8','','',''),(100,3,'16x12','','',''),(101,3,'20x20','','',''),(102,3,'24x5','','',''),(103,3,'25x6','','',''),(104,3,'28x8','','',''),(105,3,'30x3','','',''),(106,3,'30x8','','',''),(107,3,'35x6','','',''),(108,3,'39x10','','',''),(109,3,'40x7','','',''),(110,3,'48x30','','',''),(111,3,'50x10','','',''),(112,3,'50x6','','',''),(113,3,'50x50','','',''),(114,3,'58x32','','',''),(115,3,'59x59','','',''),(116,3,'60x30','','',''),(117,3,'60x39','','',''),(118,3,'78x50','','',''),(119,3,'79x59','','',''),(120,3,'90x45','','',''),(121,3,'91x91','','',''),(122,4,'5/10','','',''),(123,4,'11/15','','',''),(124,4,'16/20','','',''),(125,4,'21/25','','',''),(126,4,'26/30','','',''),(127,4,'31/35','','',''),(128,6,'9','','240',''),(129,6,'10','','100',''),(130,6,'12','','110',''),(131,6,'14','','120',''),(132,6,'15','','210',''),(133,6,'16','','100',''),(134,6,'17','','120',''),(135,6,'19','','130',''),(136,6,'20','','130',''),(137,6,'24','','130',''),(138,6,'25','','130',''),(139,6,'26','','130',''),(140,6,'27','','130',''),(141,6,'32','','130',''),(142,6,'39','','130',''),(144,7,'5','30','80',''),(145,7,'6.35','30','90',''),(146,7,'6.5','50','80',''),(147,7,'7.3','60','100',''),(148,7,'8','30','120',''),(149,7,'9','40','130',''),(150,7,'10','60','120',''),(151,7,'11','60','120',''),(152,7,'12','60','120',''),(153,7,'14.5','60','120',''),(154,7,'15','60','120',''),(155,7,'16','60','120',''),(156,7,'19','60','120',''),(157,8,'18','','120',''),(158,8,'20','','120',''),(159,8,'22','','105',''),(160,8,'24','','105',''),(161,8,'27','','120',''),(162,9,'20','','130',''),(163,9,'22','','130',''),(164,9,'24','','130',''),(165,10,'20','','120',''),(166,11,'20','','130',''),(167,12,'20x6','','80',''),(168,12,'21x8','','80',''),(169,12,'24x5','','85',''),(170,12,'25x10','','75',''),(171,12,'26x11.5','','80',''),(172,12,'29x5','','75',''),(173,13,'20x6','','100',''),(174,13,'21x8','','62',''),(175,13,'24x5','','30',''),(176,13,'25x10','','50',''),(177,13,'26x11.5','','50',''),(178,13,'29x5','','69',''),(179,14,'19','','135',''),(180,15,'20','','105',''),(181,16,'21.5','','100',''),(182,16,'22','','100',''),(183,17,'20','','105',''),(184,17,'22','','105',''),(185,17,'24','','105',''),(186,17,'25','','120',''),(187,17,'27','','120',''),(189,17,'30','','135','');
/*!40000 ALTER TABLE `adb_declinaisons` ENABLE KEYS */;
UNLOCK TABLES;

--
-- Table structure for table `adb_pages`
--

DROP TABLE IF EXISTS `adb_pages`;
/*!40101 SET @saved_cs_client     = @@character_set_client */;
/*!40101 SET character_set_client = utf8 */;
CREATE TABLE `adb_pages` (
  `id_page` int(11) NOT NULL AUTO_INCREMENT,
  `titre` varchar(200) NOT NULL,
  `texte` text NOT NULL,
  `texte_en` text NOT NULL,
  PRIMARY KEY (`id_page`)
) ENGINE=MyISAM AUTO_INCREMENT=5 DEFAULT CHARSET=latin1;
/*!40101 SET character_set_client = @saved_cs_client */;

--
-- Dumping data for table `adb_pages`
--

LOCK TABLES `adb_pages` WRITE;
/*!40000 ALTER TABLE `adb_pages` DISABLE KEYS */;
INSERT INTO `adb_pages` VALUES (1,'Présentation','<p>L\'ATELIER DE BEAULIEU (Sp&eacute;cialiste de la Protection - <strong>Embout </strong>- <strong>Cape </strong> - <strong>Bouchon Plastique</strong> -<strong>Poign&eacute;e </strong>-<strong>Capuchon </strong>-<strong>Manchon </strong>-<strong>Protection plastique</strong>- <strong>Protection de bride </strong>-<strong>Surbouchage</strong> - <strong>Obturateur </strong> - <strong>Protecteur </strong> -<strong>Rev&ecirc;tement</strong> - <strong>Plastification </strong>sur pi&egrave;ce m&eacute;tal) situ&eacute; &agrave; Menetou Ratel dans le d&eacute;partement du Cher, en r&eacute;gion Centre et est sp&eacute;cialis&eacute; dans la transformation du \"Plastisol\" PVC par <span style=\"text-decoration: underline;\"><strong>trempage</strong> et par <strong><span style=\"color: #0c0d0f; text-decoration: underline;\">injection</span></strong></span>.</p>\r\n<p><img src=\"http://www.atelierdebeaulieu.fr/images/filemanager/source/Presentation PLT_Photo.jpg\" alt=\"\" width=\"505\" height=\"310\" /></p>\r\n<p>Depuis 1971,&nbsp; L\'Atelier de Beaulieu, produit et commercialise, <strong>une large gamme d\'embouts coiffants, poign&eacute;es, manchons, capuchons</strong> permettant de r&eacute;pondre &agrave; la plupart des probl&egrave;mes de <strong>capotage</strong>, de <strong>masquage</strong>, d\'<strong>obturation</strong>.... - <strong>Plastification sur pi&egrave;ces m&eacute;talliques</strong> - Notre vocation de sous-traitant nous am&egrave;ne &agrave; &ecirc;tre pr&eacute;sent dans tous les secteurs : l\'industrie, le param&eacute;dical, le mat&eacute;riel agricole, en passant par l\'automobile, l\'a&eacute;ronautique, le BTP, la pu&eacute;riculture, le sport ou l\'&eacute;lectronique...</p>\r\n<p>Peu on&eacute;reux, les outillages sont r&eacute;alis&eacute;s dans des d&eacute;lais courts. Le faible co&ucirc;t permet d\'envisager des pi&egrave;ces sp&eacute;cifiques, m&ecirc;me pour des s&eacute;ries de taille r&eacute;duite.</p>\r\n<p>R&eacute;alis&eacute;s en collaboration avec les clients, des prototypes servent &agrave; valider la faisabilit&eacute; des projets.</p>\r\n<p>Gr&acirc;ce &agrave; la diversit&eacute; de nos moyens de production (manuels et robotis&eacute;s), nous nous adaptons &agrave; vos besoins : de la pi&egrave;ce unitaire, moyenne et grande s&eacute;rie.</p>\r\n<p style=\"text-align: center;\"><span style=\"color: #5e7624;\"><strong>Notre priorit&eacute;, la satisfaction de nos clients.</strong></span></p>\r\n<p>Nous am&eacute;liorons constamment notre outil de production et notre savoir-faire pour r&eacute;pondre &agrave; nos clients toujours plus vite et avec la meilleure qualit&eacute;.<img src=\"../../images/filemanager/source/nuage-presentation.jpg\" alt=\"nuage-presentation\" /></p>\r\n<p>Nous sommes &agrave; votre disposition pour tous renseignements, n\'h&eacute;sitez pas &agrave; nous consulter !</p>','<p>L\'ATELIER DE BEAULIEU is located in Menetou Ratel in the centre region, specialized in processing of &ldquo;Plastisol&rdquo; PVC by dip coating and injection moulding.</p>\r\n<p><img src=\"http://www.atelierdebeaulieu.fr/images/filemanager/source/Presentation PLT_Photo.jpg\" alt=\"\" width=\"503\" height=\"192\" /></p>\r\n<p>We manufacture a wide range of plastic caps permitting to respond to most problems of hooding, masking, obstruction&hellip; Our appeal as a subcontractor leads us to be present in all sectors: Industry, paramedic, agriculture, automobile industry, aerospace, construction, childcare, sport, electronics...</p>\r\n<p>The tools are completed within short times and in a cheaper way than other types of plastic production. The low cost allows producing technical pieces, even for a small series production.</p>\r\n<p>Done in cooperation with the clients, the prototypes validate the feasibility of the projects.</p>\r\n<p>Thanks to the diversity of our production equipment (manual and robotic), we adapt to your needs: from the unit piece to mass production.</p>\r\n<p style=\"text-align: center;\"><span style=\"color: #5e7624;\"><strong>Our priority: The satisfaction of our clients.</strong></span></p>\r\n<p>We continuously improve our production equipment and our know-how and expertise to meet our clients&rsquo; requirements quickly and with the best quality.<br /><br /></p>\r\n<p style=\"text-align: center;\"><img src=\"../../images/filemanager/source/nuage-presentation_en.jpg\" alt=\"nuage-presentation_en\" width=\"307\" height=\"102\" /></p>\r\n<p><br />Please do not hesitate to consult us for any further information!</p>\r\n<p>The company is managed according to the 2000 version of the ISO 9001 standard and the ISO 14001 standard, committing to a process of continuous improvement of its products, from design to delivery.</p>'),(2,'Trempage','<p>Le <strong>trempage PVC </strong>est une solution tr&egrave;s &eacute;conomique pour la r&eacute;alisation de pi&egrave;ces en PVC de l\'unitaire &agrave; la s&eacute;rie :</p>\r\n<ul>\r\n<li>faible co&ucirc;t d\'outillage</li>\r\n<li>pi&egrave;ces standard ou sur mesure</li>\r\n<li>pi&egrave;ce &agrave; forte contre d&eacute;pouille</li>\r\n<li>pi&egrave;ces volumineuses</li>\r\n<li>mise en &oelig;uvre rapide</li>\r\n<li>d&eacute;p&ocirc;t PVC de 8/10&egrave;me &agrave; plusieurs mm</li>\r\n</ul>\r\n<p style=\"text-align: center;\"><span style=\"color: #5e7624;\"><strong>Un proc&eacute;d&eacute; aux multiples utilisations </strong></span></p>\r\n<p>Un noyau en aluminium ayant la forme de la pi&egrave;ce d&eacute;sir&eacute;e est pr&eacute;alablement chauff&eacute;, puis immerg&eacute; dans un bain de plastique liquide (PVC). Le temps d\'immersion d&eacute;fini l\'&eacute;paisseur. Le noyau ainsi gain&eacute; est remis dans une &eacute;tuve pour polym&eacute;risation, puis refroidi. Enfin, il ne reste plus qu\'&agrave; d&eacute;mouler la pi&egrave;ce !</p>\r\n<p>Le m&ecirc;me principe est applicable pour la r&eacute;alisation de <span style=\"text-decoration: underline;\"><strong>surmoulage</strong> sur vos <strong>pi&egrave;ces en m&eacute;tal ou en verre</strong></span>.</p>','<p><strong>Dip coating</strong> is a very economical solution for producing PVC parts, both individually and by mass production:</p>\r\n<ul>\r\n<li>low tooling costs</li>\r\n<li>standard or made-to-measure pieces</li>\r\n<li>pieces with a large draft</li>\r\n<li>large-volume pieces</li>\r\n<li>fast implementation</li>\r\n<li>PVC layers from 8/10ths to several mm thick</li>\r\n</ul>\r\n<p style=\"text-align: center;\"><span style=\"color: #5e7624;\"><strong>A process with many applications</strong></span></p>\r\n<p>An aluminium core with the shape of the required part is first heated and then submerged in a bath of liquid plastic (PVC). The submersion time governs the thickness. The coated core is then placed in an oven for curing, and cooled. Finally, all that remains is to release the part!</p>\r\n<p>The same principle applies for coating your metal or glass parts.</p>'),(3,'Revêtements','<p><img style=\"display: block; margin-left: auto; margin-right: auto;\" src=\"../../images/filemanager/source/nuage-mots.jpg\" alt=\"nuage-mots\" /></p>\r\n<p>Le <strong><span style=\"text-decoration: underline;\">rev&ecirc;tement</span>, <span style=\"text-decoration: underline;\">surmoulage</span>, ou <span style=\"text-decoration: underline;\">plastification </span></strong>peut &ecirc;tre complet ou partiel avec ou sans &eacute;pargne.</p>\r\n<p>Afin de rendre le <span style=\"text-decoration: underline;\"><strong>PVC</strong></span> compl&egrave;tement solidaire du m&eacute;tal, un primaire d\'accrochage peut &ecirc;tre appliqu&eacute; sur la pi&egrave;ce.</p>\r\n<ul>\r\n<li>Le marquage laser et la s&eacute;rigraphie sont possibles</li>\r\n<li>Rev&ecirc;tement sur pi&egrave;ce volumineuse</li>\r\n</ul>\r\n<p>Retrouvez plus d\'informations dans&nbsp;<a title=\"revetements\" href=\"../../images/filemanager/source/revetements.pdf\" target=\"_blank\">ce document</a>.</p>','<p><img style=\"display: block; margin-left: auto; margin-right: auto;\" src=\"../../images/filemanager/source/nuage-mots_en.jpg\" alt=\"nuage-mots_en\" /></p>\r\n<p>The coating may be complete or partial, with or without post-processing.</p>\r\n<p>An adhesive may be applied to the part to make the PVC adhere totally to the metal.</p>\r\n<ul>\r\n<li>Laser marking or screen printing are possible</li>\r\n<li>Coating on a large volume part</li>\r\n</ul>\r\n<p>You can find more information in&nbsp;<a title=\"revetements\" href=\"../../images/filemanager/source/revetements.pdf\" target=\"_blank\">this document</a>.</p>'),(4,'Injection','<p><span style=\"text-decoration: underline;\"><strong>Moulage par Injection Plastique</strong> </span></p>\r\n<p>Nous cr&eacute;ons et fabriquons sur devis des pi&egrave;ces et outillages pour tous les domaines de l&rsquo;industrie. Il y a un parc machines de 8 presses &agrave; injecter horizontales de 60 &agrave; 250 tonnes de force de fermeture. Aussi, nous poss&eacute;dons diff&eacute;rents &eacute;l&eacute;ments tels que des&nbsp;&eacute;tuves, colorateurs, alimentateurs, manipulateurs et un atelier de m&eacute;canique int&eacute;gr&eacute; (fraiseuse, tours, rectifieuse...).</p>\r\n<p>Nous r&eacute;alisons la transformation de toutes mati&egrave;res <strong>thermoplastiques rigides ou souples (caoutchoucs thermoplastiques compris) comme le PVC plastifi&eacute;, et autres mati&egrave;res (PA, PP, PE, Santopr&egrave;ne</strong>, etc ....).</p>\r\n<p>Nous produisons en petite, moyenne et grande s&eacute;rie avec des moules manuels ou automatiques.</p>\r\n<p>Retrouvez plus d\'informations dans&nbsp;<a title=\"injection\" href=\"../../images/filemanager/source/injection.pdf\" target=\"_blank\">ce document</a>.</p>\r\n<p style=\"text-align: center;\"><span style=\"color: #5e7624;\"><strong>Devis gratuits</strong></span></p>','<p>We design and produce plastic caps and tools with quotation for all the sectors in the industry. We are equipped with 8 horizontal injection moulding machines offering a clamping force of 60 to 250 tonnes. Also, we have different devices such as ovens, colour machines, feeders, manipulators and an in-house tooling and fabrication department (milling, lathes, and grinding machines...).</p>\r\n<p>We realize the transformation of rigid or flexible thermoplastic materials (including thermoplastic rubber) like the plasticised PVC and other materials (PA, PP, PE, Santoprene, etc ....).</p>\r\n<p>We produce for small, medium and large series with manual or automatic moulds.</p>\r\n<p>You can find more information&nbsp;<a title=\"injection\" href=\"../../images/filemanager/source/injection.pdf\" target=\"_blank\">this document</a>.</p>\r\n<p style=\"text-align: center;\"><span style=\"color: #5e7624;\"><strong>Free estimated costs</strong></span></p>');
/*!40000 ALTER TABLE `adb_pages` ENABLE KEYS */;
UNLOCK TABLES;

--
-- Table structure for table `adb_produits`
--

DROP TABLE IF EXISTS `adb_produits`;
/*!40101 SET @saved_cs_client     = @@character_set_client */;
/*!40101 SET character_set_client = utf8 */;
CREATE TABLE `adb_produits` (
  `id_produit` int(11) NOT NULL AUTO_INCREMENT,
  `id_categorie` int(11) NOT NULL,
  `modele` varchar(150) NOT NULL,
  `descriptif` text NOT NULL,
  `modele_en` varchar(255) NOT NULL,
  `descriptif_en` text NOT NULL,
  PRIMARY KEY (`id_produit`)
) ENGINE=MyISAM AUTO_INCREMENT=19 DEFAULT CHARSET=latin1;
/*!40101 SET character_set_client = @saved_cs_client */;

--
-- Dumping data for table `adb_produits`
--

LOCK TABLES `adb_produits` WRITE;
/*!40000 ALTER TABLE `adb_produits` DISABLE KEYS */;
INSERT INTO `adb_produits` VALUES (1,1,'Modèle A','','Model A',''),(2,1,'Modèle K BR','','Model K BR',''),(3,1,'Modèle K BP','','Model K BP',''),(4,1,'Modèle A Etagé','','Model A step-like',''),(5,1,'Modèle A Tétine','','Model A with a strip',''),(6,2,'Modèle C','','Model C',''),(7,2,'Modèle B','','Model B',''),(8,2,'Modèle Ergo','','Model Ergo',''),(9,2,'Modèle Luxe','','Model Luxe',''),(10,2,'Modèle O','','Model O',''),(11,2,'Modèle Luxe à garde','','Model Luxe à garde',''),(12,2,'Modèle L','','Model L',''),(13,2,'Modèle M','','Model M',''),(14,2,'Modèle J','','Model J',''),(15,2,'Modèle S','','Model S',''),(16,2,'Modèle N','','Model N',''),(17,2,'Modèle E','','Model E',''),(18,3,'Bouton étoile','Disponible en jaune, blanc, rouge, noir et vert.','Star grip','Available in yellow, white, red, black and green.');
/*!40000 ALTER TABLE `adb_produits` ENABLE KEYS */;
UNLOCK TABLES;

--
-- Table structure for table `adb_tonalites`
--

DROP TABLE IF EXISTS `adb_tonalites`;
/*!40101 SET @saved_cs_client     = @@character_set_client */;
/*!40101 SET character_set_client = utf8 */;
CREATE TABLE `adb_tonalites` (
  `id_tonalite` int(11) NOT NULL AUTO_INCREMENT,
  `tonalite` varchar(50) NOT NULL,
  `tonalite_en` varchar(255) NOT NULL,
  PRIMARY KEY (`id_tonalite`)
) ENGINE=MyISAM AUTO_INCREMENT=13 DEFAULT CHARSET=latin1;
/*!40101 SET character_set_client = @saved_cs_client */;

--
-- Dumping data for table `adb_tonalites`
--

LOCK TABLES `adb_tonalites` WRITE;
/*!40000 ALTER TABLE `adb_tonalites` DISABLE KEYS */;
INSERT INTO `adb_tonalites` VALUES (1,'Blanc','White'),(2,'Bleu','Blue'),(3,'Cristal (transparent)','Cristal (transparent)'),(4,'Gris','Grey'),(5,'Jaune','Yellow'),(6,'Marron','Brown'),(7,'Noir','Black'),(8,'Orange','Orange'),(9,'Rose','Pink'),(10,'Rouge','Red'),(11,'Vert','Green'),(12,'Violet','Purple');
/*!40000 ALTER TABLE `adb_tonalites` ENABLE KEYS */;
UNLOCK TABLES;
/*!40103 SET TIME_ZONE=@OLD_TIME_ZONE */;

/*!40101 SET SQL_MODE=@OLD_SQL_MODE */;
/*!40014 SET FOREIGN_KEY_CHECKS=@OLD_FOREIGN_KEY_CHECKS */;
/*!40014 SET UNIQUE_CHECKS=@OLD_UNIQUE_CHECKS */;
/*!40101 SET CHARACTER_SET_CLIENT=@OLD_CHARACTER_SET_CLIENT */;
/*!40101 SET CHARACTER_SET_RESULTS=@OLD_CHARACTER_SET_RESULTS */;
/*!40101 SET COLLATION_CONNECTION=@OLD_COLLATION_CONNECTION */;
/*!40111 SET SQL_NOTES=@OLD_SQL_NOTES */;

-- Dump completed on 2021-09-02  1:31:02
